{"id":1588,"date":"2019-01-20T18:09:15","date_gmt":"2019-01-21T02:09:15","guid":{"rendered":"http:\/\/www.bernadettecalonego.com\/de\/?page_id=1588"},"modified":"2019-01-20T19:34:01","modified_gmt":"2019-01-21T03:34:01","slug":"switzerland","status":"publish","type":"page","link":"https:\/\/www.bernadettecalonego.com\/de\/biografie\/switzerland\/","title":{"rendered":"Ur-Spr\u00fcnge"},"content":{"rendered":"\n<div class=\"wp-block-media-text alignwide\"><figure class=\"wp-block-media-text__media\"><img loading=\"lazy\" decoding=\"async\" width=\"1024\" height=\"768\" src=\"https:\/\/www.bernadettecalonego.com\/de\/wp-content\/uploads\/IMG_3158-Copy-1024x768.jpg\" alt=\"\" class=\"wp-image-1589\" srcset=\"https:\/\/www.bernadettecalonego.com\/de\/wp-content\/uploads\/IMG_3158-Copy-1024x768.jpg 1024w, https:\/\/www.bernadettecalonego.com\/de\/wp-content\/uploads\/IMG_3158-Copy-300x225.jpg 300w, https:\/\/www.bernadettecalonego.com\/de\/wp-content\/uploads\/IMG_3158-Copy-768x576.jpg 768w, https:\/\/www.bernadettecalonego.com\/de\/wp-content\/uploads\/IMG_3158-Copy.jpg 1346w\" sizes=\"auto, (max-width: 1024px) 100vw, 1024px\" \/><\/figure><div class=\"wp-block-media-text__content\">\n<p class=\"has-medium-font-size\"> Ich habe das Gl\u00fcck, dass ich eine Heimat in zwei gro\u00dfartigen L\u00e4ndern habe:  In Kanada  lebe ich seit neunzehn Jahren, und ich bin auch kanadische Staatsb\u00fcrgerin. Meine erste Heimat, die Schweiz, besuche ich, wann immer ich kann. Beide L\u00e4nder tragen Sorge zu den Menschen, die dort leben (kostenlose Gesundheitsversorgung in Kanada!) und geben ihnen das Gef\u00fchl, geachtet zu sein.<\/p>\n<\/div><\/div>\n\n\n\n<div class=\"wp-block-media-text alignwide has-media-on-the-right\"><figure class=\"wp-block-media-text__media\"><img loading=\"lazy\" decoding=\"async\" width=\"1024\" height=\"768\" src=\"https:\/\/www.bernadettecalonego.com\/de\/wp-content\/uploads\/IMG_3293-Copy-1024x768.jpg\" alt=\"\" class=\"wp-image-1594\" srcset=\"https:\/\/www.bernadettecalonego.com\/de\/wp-content\/uploads\/IMG_3293-Copy-1024x768.jpg 1024w, https:\/\/www.bernadettecalonego.com\/de\/wp-content\/uploads\/IMG_3293-Copy-300x225.jpg 300w, https:\/\/www.bernadettecalonego.com\/de\/wp-content\/uploads\/IMG_3293-Copy-768x576.jpg 768w, https:\/\/www.bernadettecalonego.com\/de\/wp-content\/uploads\/IMG_3293-Copy.jpg 1315w\" sizes=\"auto, (max-width: 1024px) 100vw, 1024px\" \/><\/figure><div class=\"wp-block-media-text__content\">\n<p class=\"has-medium-font-size\">Meine Kindheitserinnerungen sind eng mit dem Vierwaldst\u00e4ttersee und den Bergen rundherum verkn\u00fcpft. <\/p>\n\n\n\n<p><\/p>\n<\/div><\/div>\n\n\n\n<div class=\"wp-block-image\"><figure class=\"alignleft is-resized\"><img loading=\"lazy\" decoding=\"async\" src=\"https:\/\/www.bernadettecalonego.com\/de\/wp-content\/uploads\/Adriana2-Copy-1024x713.jpeg\" alt=\"\" class=\"wp-image-1597\" width=\"469\" height=\"326\" srcset=\"https:\/\/www.bernadettecalonego.com\/de\/wp-content\/uploads\/Adriana2-Copy-1024x713.jpeg 1024w, https:\/\/www.bernadettecalonego.com\/de\/wp-content\/uploads\/Adriana2-Copy-300x209.jpeg 300w, https:\/\/www.bernadettecalonego.com\/de\/wp-content\/uploads\/Adriana2-Copy-768x535.jpeg 768w, https:\/\/www.bernadettecalonego.com\/de\/wp-content\/uploads\/Adriana2-Copy.jpeg 1048w\" sizes=\"auto, (max-width: 469px) 100vw, 469px\" \/><\/figure><\/div>\n\n\n\n<div class=\"wp-block-image\"><figure class=\"alignright is-resized\"><img loading=\"lazy\" decoding=\"async\" src=\"https:\/\/www.bernadettecalonego.com\/de\/wp-content\/uploads\/IMG_2458-Copy-3-1024x768.jpg\" alt=\"\" class=\"wp-image-1600\" width=\"387\" height=\"290\" srcset=\"https:\/\/www.bernadettecalonego.com\/de\/wp-content\/uploads\/IMG_2458-Copy-3-1024x768.jpg 1024w, https:\/\/www.bernadettecalonego.com\/de\/wp-content\/uploads\/IMG_2458-Copy-3-300x225.jpg 300w, https:\/\/www.bernadettecalonego.com\/de\/wp-content\/uploads\/IMG_2458-Copy-3-768x576.jpg 768w, https:\/\/www.bernadettecalonego.com\/de\/wp-content\/uploads\/IMG_2458-Copy-3.jpg 1351w\" sizes=\"auto, (max-width: 387px) 100vw, 387px\" \/><\/figure><\/div>\n","protected":false},"excerpt":{"rendered":"<p>Ich habe das Gl\u00fcck, dass ich eine Heimat in zwei gro\u00dfartigen L\u00e4ndern habe: In Kanada lebe ich seit neunzehn Jahren, und ich bin auch kanadische Staatsb\u00fcrgerin. Meine erste Heimat, die Schweiz, besuche ich, wann immer ich kann. Beide L\u00e4nder tragen Sorge zu den Menschen, die dort leben (kostenlose Gesundheitsversorgung in <a class=\"read-more-link\" href=\"https:\/\/www.bernadettecalonego.com\/de\/biografie\/switzerland\/\">   Lesen Sie weiter<\/a><\/p>\n","protected":false},"author":1,"featured_media":0,"parent":18,"menu_order":0,"comment_status":"closed","ping_status":"closed","template":"","meta":{"ngg_post_thumbnail":0,"footnotes":""},"class_list":["post-1588","page","type-page","status-publish","hentry"],"jetpack_sharing_enabled":true,"_links":{"self":[{"href":"https:\/\/www.bernadettecalonego.com\/de\/wp-json\/wp\/v2\/pages\/1588","targetHints":{"allow":["GET"]}}],"collection":[{"href":"https:\/\/www.bernadettecalonego.com\/de\/wp-json\/wp\/v2\/pages"}],"about":[{"href":"https:\/\/www.bernadettecalonego.com\/de\/wp-json\/wp\/v2\/types\/page"}],"author":[{"embeddable":true,"href":"https:\/\/www.bernadettecalonego.com\/de\/wp-json\/wp\/v2\/users\/1"}],"replies":[{"embeddable":true,"href":"https:\/\/www.bernadettecalonego.com\/de\/wp-json\/wp\/v2\/comments?post=1588"}],"version-history":[{"count":4,"href":"https:\/\/www.bernadettecalonego.com\/de\/wp-json\/wp\/v2\/pages\/1588\/revisions"}],"predecessor-version":[{"id":1607,"href":"https:\/\/www.bernadettecalonego.com\/de\/wp-json\/wp\/v2\/pages\/1588\/revisions\/1607"}],"up":[{"embeddable":true,"href":"https:\/\/www.bernadettecalonego.com\/de\/wp-json\/wp\/v2\/pages\/18"}],"wp:attachment":[{"href":"https:\/\/www.bernadettecalonego.com\/de\/wp-json\/wp\/v2\/media?parent=1588"}],"curies":[{"name":"wp","href":"https:\/\/api.w.org\/{rel}","templated":true}]}}

Ur-Sprünge

<div class="wp-block-media-text alignwide"><figure class="wp-block-media-text__media"><img loading="lazy" decoding="async" width="1024" height="768" src="https://www.bernadettecalonego.com/de/wp-content/uploads/IMG_3158-Copy-1024x768.jpg" alt="" class="wp-image-1589" srcset="https://www.bernadettecalonego.com/de/wp-content/uploads/IMG_3158-Copy-1024x768.jpg 1024w, https://www.bernadettecalonego.com/de/wp-content/uploads/IMG_3158-Copy-300x225.jpg 300w, https://www.bernadettecalonego.com/de/wp-content/uploads/IMG_3158-Copy-768x576.jpg 768w, https://www.bernadettecalonego.com/de/wp-content/uploads/IMG_3158-Copy.jpg 1346w" sizes="auto, (max-width: 1024px) 100vw, 1024px" /></figure><div class="wp-block-media-text__content">
<p class="has-medium-font-size"> Ich habe das Glück, dass ich eine Heimat in zwei großartigen Ländern habe:  In Kanada  lebe ich seit neunzehn Jahren, und ich bin auch kanadische Staatsbürgerin. Meine erste Heimat, die Schweiz, besuche ich, wann immer ich kann. Beide Länder tragen Sorge zu den Menschen, die dort leben (kostenlose Gesundheitsversorgung in Kanada!) und geben ihnen das Gefühl, geachtet zu sein.</p>
</div></div>



<div class="wp-block-media-text alignwide has-media-on-the-right"><figure class="wp-block-media-text__media"><img loading="lazy" decoding="async" width="1024" height="768" src="https://www.bernadettecalonego.com/de/wp-content/uploads/IMG_3293-Copy-1024x768.jpg" alt="" class="wp-image-1594" srcset="https://www.bernadettecalonego.com/de/wp-content/uploads/IMG_3293-Copy-1024x768.jpg 1024w, https://www.bernadettecalonego.com/de/wp-content/uploads/IMG_3293-Copy-300x225.jpg 300w, https://www.bernadettecalonego.com/de/wp-content/uploads/IMG_3293-Copy-768x576.jpg 768w, https://www.bernadettecalonego.com/de/wp-content/uploads/IMG_3293-Copy.jpg 1315w" sizes="auto, (max-width: 1024px) 100vw, 1024px" /></figure><div class="wp-block-media-text__content">
<p class="has-medium-font-size">Meine Kindheitserinnerungen sind eng mit dem Vierwaldstättersee und den Bergen rundherum verknüpft. </p>



<p></p>
</div></div>



<div class="wp-block-image"><figure class="alignleft is-resized"><img loading="lazy" decoding="async" src="https://www.bernadettecalonego.com/de/wp-content/uploads/Adriana2-Copy-1024x713.jpeg" alt="" class="wp-image-1597" width="469" height="326" srcset="https://www.bernadettecalonego.com/de/wp-content/uploads/Adriana2-Copy-1024x713.jpeg 1024w, https://www.bernadettecalonego.com/de/wp-content/uploads/Adriana2-Copy-300x209.jpeg 300w, https://www.bernadettecalonego.com/de/wp-content/uploads/Adriana2-Copy-768x535.jpeg 768w, https://www.bernadettecalonego.com/de/wp-content/uploads/Adriana2-Copy.jpeg 1048w" sizes="auto, (max-width: 469px) 100vw, 469px" /></figure></div>



<div class="wp-block-image"><figure class="alignright is-resized"><img loading="lazy" decoding="async" src="https://www.bernadettecalonego.com/de/wp-content/uploads/IMG_2458-Copy-3-1024x768.jpg" alt="" class="wp-image-1600" width="387" height="290" srcset="https://www.bernadettecalonego.com/de/wp-content/uploads/IMG_2458-Copy-3-1024x768.jpg 1024w, https://www.bernadettecalonego.com/de/wp-content/uploads/IMG_2458-Copy-3-300x225.jpg 300w, https://www.bernadettecalonego.com/de/wp-content/uploads/IMG_2458-Copy-3-768x576.jpg 768w, https://www.bernadettecalonego.com/de/wp-content/uploads/IMG_2458-Copy-3.jpg 1351w" sizes="auto, (max-width: 387px) 100vw, 387px" /></figure></div>

<p>Ich habe das Glück, dass ich eine Heimat in zwei großartigen Ländern habe: In Kanada lebe ich seit neunzehn Jahren, und ich bin auch kanadische Staatsbürgerin. Meine erste Heimat, die Schweiz, besuche ich, wann immer ich kann. Beide Länder tragen Sorge zu den Menschen, die dort leben (kostenlose Gesundheitsversorgung in <a class="read-more-link" href="https://www.bernadettecalonego.com/de/biografie/switzerland/">   Lesen Sie weiter</a></p>
